{"id":55261,"date":"2026-04-25T23:14:44","date_gmt":"2026-04-25T23:14:44","guid":{"rendered":"https:\/\/sfero.es\/property\/atico-de-lujo-con-dos-terrazas-privadas-en-la-zona-de-camins-al-grau-valencia\/"},"modified":"2026-04-25T23:18:12","modified_gmt":"2026-04-25T23:18:12","slug":"atico-de-lujo-con-dos-terrazas-privadas-en-la-zona-de-camins-al-grau-valencia","status":"publish","type":"property","link":"https:\/\/sfero.es\/es\/property\/atico-de-lujo-con-dos-terrazas-privadas-en-la-zona-de-camins-al-grau-valencia\/","title":{"rendered":"\u00c1tico de lujo con dos terrazas privadas en la zona de Camins al Grau, Valencia"},"content":{"rendered":"<p>  <b><u>\u00c1tico en Valencia<\/u><\/b><\/p>\n<p>  Zona Camins al Grau<\/p>\n<p>Amplio \u00e1tico con dos terrazas privadas en uno de los barrios m\u00e1s demandados de Valencia \u2014 Camins al Grau. La propiedad combina privacidad, una distribuci\u00f3n funcional y un alto nivel de equipamiento, creando un espacio c\u00f3modo para vivir en la ciudad.<\/p>\n<p>Gracias a sus amplias terrazas y a una organizaci\u00f3n inteligente del espacio, esta vivienda es ideal para quienes valoran las zonas exteriores, la luz natural y el concepto de \u201ccasa en la ciudad\u201d.<\/p>\n<p>  <b><i>Caracter\u00edsticas principales<\/i><\/b><\/p>\n<p>\u2014 Superficie: 178 m\u00b2 (125 m\u00b2 \u00fatiles)<\/p>\n<p>\u2014 3 dormitorios<\/p>\n<p>\u2014 3 ba\u00f1os<\/p>\n<p>\u2014 5\u00aa planta (con ascensor)<\/p>\n<p>\u2014 2 terrazas privadas<\/p>\n<p>\u2014 Plaza de garaje<\/p>\n<p>\u2014 Armarios empotrados<\/p>\n<p>\u2014 Calefacci\u00f3n individual de gas<\/p>\n<p>\u2014 Acceso adaptado<\/p>\n<p>\u2014 Vivienda de segunda mano en excelente estado<\/p>\n<p>\u2728 <b><i>Equipamiento y distribuci\u00f3n<\/i><\/b><\/p>\n<p>\u2014 Amplio sal\u00f3n con cocina abierta<\/p>\n<p>\u2014 Cocina con electrodom\u00e9sticos de \u00faltima generaci\u00f3n<\/p>\n<p>\u2014 Dormitorio principal con ba\u00f1o en suite<\/p>\n<p>\u2014 Terraza con zona de descanso, barbacoa y comedor exterior<\/p>\n<p>\u2014 Segunda terraza tipo lavander\u00eda<\/p>\n<p>\u2014 Aire acondicionado por conductos<\/p>\n<p>\u2014 Carpinter\u00eda a medida de alta calidad<\/p>\n<p>\u2014 Puerta blindada y doble acristalamiento reforzado<\/p>\n<p>\u2014 Sistema de alarma completo<\/p>\n<p>  <b><i>Vida en este \u00e1tico<\/i><\/b><\/p>\n<p>\u2014 ma\u00f1anas con luz natural y acceso a la terraza<\/p>\n<p>\u2014 espacio ideal para cenas familiares y reuniones<\/p>\n<p>\u2014 zonas privadas de descanso tipo vivienda independiente<\/p>\n<p>\u2014 distribuci\u00f3n flexible para trabajo y ocio<\/p>\n<p> <b><i> Ubicaci\u00f3n<\/i><\/b><\/p>\n<p>Camins al Grau \u2014 uno de los barrios m\u00e1s din\u00e1micos y c\u00f3modos de Valencia.<\/p>\n<p>\u2014 cerca del Jard\u00edn del Turia<\/p>\n<p>\u2014 pr\u00f3ximo al Sporting Club de Tenis Valencia<\/p>\n<p>\u2014 r\u00e1pido acceso al centro y a la playa<\/p>\n<p>\u2014 supermercados, colegios y servicios a poca distancia<\/p>\n<p>  <b><i>Potencial de inversi\u00f3n<\/i><\/b><\/p>\n<p>\u2014 alta demanda de \u00e1ticos premium<\/p>\n<p>\u2014 oferta limitada en la zona<\/p>\n<p>\u2014 excelente liquidez<\/p>\n<p>\u2014 crecimiento sostenido del valor inmobiliario<\/p>\n<p>  <b><i>Precio:<\/i><\/b><\/p>\n<p>\u2014 790.000 \u20ac<\/p>\n","protected":false},"excerpt":{"rendered":"<p>\u00c1tico en Valencia Zona Camins al Grau Amplio \u00e1tico con dos terrazas privadas en uno de los barrios m\u00e1s demandados de Valencia \u2014 Camins al Grau. La propiedad combina privacidad, una distribuci\u00f3n funcional y un alto nivel de equipamiento, creando un espacio c\u00f3modo para vivir en la ciudad. Gracias a sus amplias terrazas y a [&hellip;]<\/p>\n","protected":false},"author":2,"featured_media":54329,"parent":0,"menu_order":0,"template":"","property_type":[721],"property_status":[68],"property_feature":[],"property_label":[792],"property_country":[719],"property_state":[639],"property_city":[89],"property_area":[],"class_list":["post-55261","property","type-property","status-publish","has-post-thumbnail","hentry","property_type-aticos","property_status-venta","property_label-segunda-mano","property_country-espana","property_state-valencia","property_city-valencia"],"aioseo_notices":[],"property_meta":{"_wp_page_template":["default"],"fave_currency":["EUR"],"fave_currency_info":[""],"fave_property_price":["790000"],"fave_property_size":["178.00"],"fave_property_bedrooms":["3"],"fave_property_bathrooms":["3"],"fave_property_garage":["1"],"fave_property_map":["0"],"fave_property_country":["ES"],"fave_featured":["0"],"houzez_featured_listing_date":[""],"fave_agent_display_option":["agency_info"],"fave_prop_homeslider":["no"],"fave_additional_features_enable":["enable"],"fave_energy_class":["Pendiente certificar"],"floor_plans":[null],"fave_multi_units":[null],"additional_features":[null],"fave_property_agency":["48145"],"fave_property_map_address":["Valencia, Valencia"],"fave_property_location":[","],"houzez_geolocation_lat":[""],"houzez_geolocation_long":[""],"fave_property_year":[""],"fave_property_size_prefix":["m\u00b2"],"fave_property_land_postfix":["m\u00b2"],"_thumbnail_id":["54329"],"fave_agents":["150"],"_last_translation_edit_mode":["translation-editor"],"fave_property_images":["54327","54331","54335","54339","54343","54347","54351","54355","54359","54363","54367","54371"],"houzez_total_property_views":["2"],"houzez_views_by_date":["a:1:{s:10:\"04-26-2026\";i:2;}"],"houzez_recently_viewed":["2026-04-26 05:25:20"],"_elementor_page_assets":["a:0:{}"]},"_links":{"self":[{"href":"https:\/\/sfero.es\/es\/wp-json\/wp\/v2\/propiedades\/55261","targetHints":{"allow":["GET"]}}],"collection":[{"href":"https:\/\/sfero.es\/es\/wp-json\/wp\/v2\/propiedades"}],"about":[{"href":"https:\/\/sfero.es\/es\/wp-json\/wp\/v2\/types\/property"}],"author":[{"embeddable":true,"href":"https:\/\/sfero.es\/es\/wp-json\/wp\/v2\/users\/2"}],"version-history":[{"count":0,"href":"https:\/\/sfero.es\/es\/wp-json\/wp\/v2\/propiedades\/55261\/revisions"}],"wp:featuredmedia":[{"embeddable":true,"href":"https:\/\/sfero.es\/es\/wp-json\/wp\/v2\/media\/54329"}],"wp:attachment":[{"href":"https:\/\/sfero.es\/es\/wp-json\/wp\/v2\/media?parent=55261"}],"wp:term":[{"taxonomy":"property_type","embeddable":true,"href":"https:\/\/sfero.es\/es\/wp-json\/wp\/v2\/property_type?post=55261"},{"taxonomy":"property_status","embeddable":true,"href":"https:\/\/sfero.es\/es\/wp-json\/wp\/v2\/property_status?post=55261"},{"taxonomy":"property_feature","embeddable":true,"href":"https:\/\/sfero.es\/es\/wp-json\/wp\/v2\/property_feature?post=55261"},{"taxonomy":"property_label","embeddable":true,"href":"https:\/\/sfero.es\/es\/wp-json\/wp\/v2\/property_label?post=55261"},{"taxonomy":"property_country","embeddable":true,"href":"https:\/\/sfero.es\/es\/wp-json\/wp\/v2\/property_country?post=55261"},{"taxonomy":"property_state","embeddable":true,"href":"https:\/\/sfero.es\/es\/wp-json\/wp\/v2\/property_state?post=55261"},{"taxonomy":"property_city","embeddable":true,"href":"https:\/\/sfero.es\/es\/wp-json\/wp\/v2\/property_city?post=55261"},{"taxonomy":"property_area","embeddable":true,"href":"https:\/\/sfero.es\/es\/wp-json\/wp\/v2\/property_area?post=55261"}],"curies":[{"name":"wp","href":"https:\/\/api.w.org\/{rel}","templated":true}]}}

Ático de lujo con dos terrazas privadas en la zona de Camins al Grau, Valencia

<p>  <b><u>Ático en Valencia</u></b></p>
<p>  Zona Camins al Grau</p>
<p>Amplio ático con dos terrazas privadas en uno de los barrios más demandados de Valencia — Camins al Grau. La propiedad combina privacidad, una distribución funcional y un alto nivel de equipamiento, creando un espacio cómodo para vivir en la ciudad.</p>
<p>Gracias a sus amplias terrazas y a una organización inteligente del espacio, esta vivienda es ideal para quienes valoran las zonas exteriores, la luz natural y el concepto de “casa en la ciudad”.</p>
<p>  <b><i>Características principales</i></b></p>
<p>— Superficie: 178 m² (125 m² útiles)</p>
<p>— 3 dormitorios</p>
<p>— 3 baños</p>
<p>— 5ª planta (con ascensor)</p>
<p>— 2 terrazas privadas</p>
<p>— Plaza de garaje</p>
<p>— Armarios empotrados</p>
<p>— Calefacción individual de gas</p>
<p>— Acceso adaptado</p>
<p>— Vivienda de segunda mano en excelente estado</p>
<p>✨ <b><i>Equipamiento y distribución</i></b></p>
<p>— Amplio salón con cocina abierta</p>
<p>— Cocina con electrodomésticos de última generación</p>
<p>— Dormitorio principal con baño en suite</p>
<p>— Terraza con zona de descanso, barbacoa y comedor exterior</p>
<p>— Segunda terraza tipo lavandería</p>
<p>— Aire acondicionado por conductos</p>
<p>— Carpintería a medida de alta calidad</p>
<p>— Puerta blindada y doble acristalamiento reforzado</p>
<p>— Sistema de alarma completo</p>
<p>  <b><i>Vida en este ático</i></b></p>
<p>— mañanas con luz natural y acceso a la terraza</p>
<p>— espacio ideal para cenas familiares y reuniones</p>
<p>— zonas privadas de descanso tipo vivienda independiente</p>
<p>— distribución flexible para trabajo y ocio</p>
<p> <b><i> Ubicación</i></b></p>
<p>Camins al Grau — uno de los barrios más dinámicos y cómodos de Valencia.</p>
<p>— cerca del Jardín del Turia</p>
<p>— próximo al Sporting Club de Tenis Valencia</p>
<p>— rápido acceso al centro y a la playa</p>
<p>— supermercados, colegios y servicios a poca distancia</p>
<p>  <b><i>Potencial de inversión</i></b></p>
<p>— alta demanda de áticos premium</p>
<p>— oferta limitada en la zona</p>
<p>— excelente liquidez</p>
<p>— crecimiento sostenido del valor inmobiliario</p>
<p>  <b><i>Precio:</i></b></p>
<p>— 790.000 €</p>

<p>Ático en Valencia Zona Camins al Grau Amplio ático con dos terrazas privadas en uno de los barrios más demandados de Valencia — Camins al Grau. La propiedad combina privacidad, una distribución funcional y un alto nivel de equipamiento, creando un espacio cómodo para vivir en la ciudad. Gracias a sus amplias terrazas y a [&hellip;]</p>
